e factors of a(9).
2, 7
List the prime factors of (-40)/(-16)*52*(-12)/(-2).
2, 3, 5, 13
Suppose 0 = -3*k + 3*z + 498, -z - 3*z = 0. List the prime factors of k.
2, 83
Suppose -17*n + 13*n + 2540 = 0. Suppose 4*d = 337 + n. What are the prime factors of d?
3
Suppose -4*v + n = 5*n + 380, 3*n - 3 = 0. Let g be (194/4)/(-1) + (-240)/(-96). Let y = g - v. List the prime factors of y.
2, 5
Suppose -x - x = 0. Suppose h - 3*h = x. Suppose h = -0*s - 5*s + 15. List the prime factors of s.
3
Suppose 52*d - 120 = 47*d. Suppose 23*s = d*s - 11. List the prime factors of s.
11
Let c(y) be the third derivative of 5*y**4/6 + 35*y**3/6 - 24*y**2. What are the prime factors of c(8)?
3, 5, 13
Suppose -2*a = a + 36. Let q be ((-18)/a)/(2/20). Suppose -v = -4*j + 13, -j = 4*v - 1 - q. List the prime factors of j.
2
Suppose -x + 18 = -24. Let l = x + -15. Suppose 11 = -2*v + l. What are the prime factors of v?
2
Let i = 36 + -28. Suppose -u - 2*v = -172, -4*v + i*v - 12 = 0. List the prime factors of u.
2, 83
Let v be (-10)/(-2) + (-4 - -6). Suppose -4*z - 31 = -4*k - v, 2*k + z - 3 = 0. Suppose 3*d + 2*q - 50 = 0, q - 55 = -k*d - 6. List the prime factors of d.
2
Let b(l) = -l**2 - 13*l + 5. Let v be b(-10). Let x = -5 - v. What are the prime factors of 4/10 - 544/x?
2, 7
Let m(k) = -k**3 - 3*k**2 + 6*k + 7. Let u be m(-5). Let a be ((-8)/(-18))/(6/u). Suppose a*c + c = 72. List the prime factors of c.
2, 3
Let c = 86 - -386. What are the prime factors of c?
2, 59
Let u(p) = -p**3 + 15*p**2 - 22*p - 2. Let c be u(11). Suppose t = 9*t - c. What are the prime factors of t?
2, 3, 5
Let t = -8 - -15. Let w = 1 + t. Suppose c - n = -3*n + w, n = -c + 7. List the prime factors of c.
2, 3
Let v(y) = -y**3 + 3*y**2 + 4*y + 3. Let p be v(4). Suppose 3*i + 76 = 5*i. Suppose -p*f - 5*d = -i, 3*d - d = -4. What are the prime factors of f?
2
Let s(l) = 2*l**2 - 3*l - 3. Let y be s(3). Let g = 5 - 5. Suppose -i + 3 = y, g = 3*v + 2*i - 42. What are the prime factors of v?
2
Let j(d) be the third derivative of d**5/60 - d**4/6 - 25*d**3/3 + 12*d**2. What are the prime factors of j(-6)?
2, 5
Let o = -22 - -28. Let n(s) = -2 + 17*s - o + 3 - 15*s. List the prime factors of n(11).
17
Suppose 30 = 5*i + 5*i. Suppose -y - i*c + c + 97 = 0, -y + 97 = c. List the prime factors of y.
97
Suppose -4*l = -4*r + 708, 3*r = 2*r - 5*l + 189. List the prime factors of r.
179
Suppose 0 = -44*q + 87*q - 50396. What are the prime factors of q?
2, 293
Let f be (-6 + (-52)/(-10))*10. Suppose 4*r = -g - 25 + 9, g + r + 19 = 0. List the prime factors of g*(12/f - -1).
2, 5
Let y be 3 + 0 - (-8 + 10). List the prime factors of 36*(5/15 + y).
2, 3
Let h(f) = f**2 - 19*f + 24. Let t be h(20). Let n be (1 + 2)*54/6. Let g = t - n. List the prime factors of g.
17
Let l = 5073 - 1633. Suppose 43*f = 33*f + l. List the prime factors of f.
2, 43
Let u = -5 - -20. Suppose 3*k = 33 + u. What are the prime factors of k?
2
Let y = -2 - -4. Let l be (y + -3)/(6/(-18)). List the prime factors of -1 + (l - (3 - 25)).
2, 3
Let x(z) = 3*z**2 - 7*z - 1. Let t be x(5). Let o = t - 24. List the prime factors of o.
3, 5
Let m(w) = -48*w + 67. What are the prime factors of m(-13)?
691
Let l(t) = t**3 - 13*t**2 + t - 2. Let m(o) = 2*o**3 - 25*o**2 + o - 3. Let z(r) = 11*l(r) - 6*m(r). List the prime factors of z(7).
31
Let c = -70 + 114. List the prime factors of c.
2, 11
Let k(n) = -3*n**3 + 119*n**2 + 40*n + 67. What are the prime factors of k(40)?
67
Suppose 7624 = 4*z + 4*a, 41*z - 5722 = 38*z - 2*a. What are the prime factors of z?
2, 5, 191
Let a be 14/77 - 790/(-11). Suppose 107 = w + 4*l, w - 2*l = l + a. What are the prime factors of w?
3, 29
Let n(o) = o**2 - 17*o + 33. Let c be n(15). Suppose -4*k = 5*b - 2*k - 325, -c*b + 195 = -4*k. List the prime factors of b.
5, 13
Let c = 11 + 2. Let b be 1/((c/24)/(-13)). Let u = -11 - b. What are the prime factors of u?
13
Let o(f) = 16*f**2 + 24*f + 5. List the prime factors of o(-7).
3, 23
List the prime factors of -5 + (-338)/6*-9.
2, 251
Suppose 2*m + 3*w = -2, -m + 4*m - 2 = -2*w. Suppose m*x + 5*n = 21, -6*x - 3 = -2*x - 5*n. Suppose h = -x*h + 180. List the prime factors of h.
3, 5
List the prime factors of 44/(-550) + 16952/25.
2, 3, 113
Suppose 2*n - 3240 = -v, 2*n + 3246 - 22 = v. List the prime factors of v.
2, 101
Suppose 35 + 25 = 6*q. Suppose r - 67 - q = 0. List the prime factors of r.
7, 11
Let l(b) = b**2 + 3*b + 2. Let a be l(4). Let n = 62 - a. List the prime factors of n.
2
Suppose -38 = -5*f + 57. Let o = f + -30. Let s = o - -28. List the prime factors of s.
17
Suppose 4*k - 536 = 3*k. List the prime factors of k.
2, 67
What are the prime factors of (260/(-8) + 2)*(-6 - 2)?
2, 61
Suppose f = -15*i + 10*i + 642, 2*i + 3*f - 262 = 0. List the prime factors of i.
2
Suppose 460 = 18*z - 14*z. What are the prime factors of z?
5, 23
Suppose 4*l - 5 = -21. Let w be -2 - (1 + l) - -1. Suppose o - 53 = -3*a, -w*a + o + 3*o = -40. List the prime factors of a.
2, 3
Suppose -12 = 3*t, -5*t = 2*g + g + 35. Let c be (g + 1)*2/2. List the prime factors of 3 + -7*(c - -3).
2, 5
Let t = -1 - -3. Suppose -136 = -3*v + 4*n, -t*v + 76 = n - 0*n. Suppose 2*u - 6*u + v = -2*q, 4*u - 40 = -q. List the prime factors of u.
2, 5
Suppose 0 = 8*f + 24 + 88. Let n = 71 + f. List the prime factors of n.
3, 19
Let x(a) = 4*a**2 + 6*a - 18. Let u = -11 + 5. List the prime factors of x(u).
2, 3, 5
Let l(g) = 4*g + 5. Let q be l(-7). Let x = q - -26. Suppose -102 = -x*d - 0*d. List the prime factors of d.
2, 17
Suppose -u - 49 = -8*u. Let t = u - -16. What are the prime factors of t?
23
Let r(s) = 329*s - 27. What are the prime factors of r(16)?
5237
Let q be (-4)/((3 - 5) + 3). Let o be (-70)/q*(-14)/(-35). Let z(c) = c**2 - 10. What are the prime factors of z(o)?
3, 13
Let k = 1 + 0. Let i be (-3 - -16)*1*k. Let y = 24 - i. What are the prime factors of y?
11
Let j(f) = -8*f + 10. Let x(q) = -q + 1. Let v(g) = -j(g) + 6*x(g). List the prime factors of v(7).
2, 5
Suppose -3*p + 21 = -6*p. What are the prime factors of (-124)/10*(p + 2)?
2, 31
Let n(m) = 49*m**2 + 10*m - 12. What are the prime factors of n(3)?
3, 17
List the prime factors of ((-1714)/5)/(84/(-210)).
857
Suppose -44*p = -17924 - 23304. List the prime factors of p.
937
Suppose 3*y - 3*j = 15, 2*y + 4*j + 0*j - 10 = 0. List the prime factors of y.
5
Let p = 14 - 9. Suppose -4*i + 4*l = -84 - 592, l = p. What are the prime factors of i?
2, 3, 29
List the prime factors of 1286/4*(26 - 182/13).
2, 3, 643
Suppose -2*j - i = 3, -j + 16 = -4*i + i. Let s be (-1 - j)*(-1)/1. Suppose -3*x + 136 = 4*f - s*x, -3*x = 5*f - 170. What are the prime factors of f?
2, 17
Suppose 11*g + 2835 = 5*v + 6*g, -g = 3*v - 1689. List the prime factors of v.
2, 3, 47
Suppose 0 = m + 5*m - 18. Suppose -a + 36 + 91 = l, -m*l = -4*a - 416. What are the prime factors of l?
2, 3, 11
Let a(k) = k**3 + 5*k**2 + k + 243. List the prime factors of a(0).
3
Suppose -611 + 166 = 5*h + 4*p, -2*p = -4*h - 382. Let l = h - -154. Suppose 5*n = a + 297, 2*n + a = 3*n - l. List the prime factors of n.
59
Suppose 24*b - 1475 = 10765. What are the prime factors of b?
2, 3, 5, 17
Let w = 564 - 308. What are the prime factors of w?
2
Suppose 101*o = 109*o - 400. List the prime factors of o.
2, 5
Let w(l) = 2*l**2 + 19*l - 4. Let t(q) = q**2 + 9*q - 2. Let f(b) = -13*t(b) + 6*w(b). Let r be f(-2). Suppose r*g - 15 = g. List the prime factors of g.
5
Let i = 13 - 117. Let o = 122 + i. What are the prime factors of o?
2, 3
Suppose -z - 10*v = -3505, z - 2*v = 4*z - 10627. List the prime factors of z.
5, 709
Suppose -s + 3*f + 1926 = 0, 4*s - 7*f + 6*f - 7715 = 0. What are the prime factors of s?
3, 643
Suppose 1871 = 3*o - 28*w + 30*w, 0 = 2*w + 4. What are the prime factors of o?
5
Let a(o) = -o**2 - 18*o - 8. Let v(j) = 14*j. Let s be v(-1). List the prime factors of a(s).
2, 3
Let o(f) = -2*f**3 + 28*f**2 + 10*f - 12. List the prime factors of o(13).
2, 3, 19
Suppose 2*f - 2*q = 3994, 2*q + 3 = -7. What are the prime factors of f?
2, 3, 83
Let w(f) = -3*f**2 + 13*f - 20. Let l(b) = 1. Let m(g) = -6*l(g) - w(g). What are the prime factors of m(6)?
2, 11
Suppose -94*q = -56*q - 187150. List the prime factors of q.
5, 197
Let u = 193 - 121. What are the prime f